{"id":300,"date":"2015-08-21T10:18:47","date_gmt":"2015-08-21T08:18:47","guid":{"rendered":"http:\/\/wolniodnudy.pl\/?page_id=300"},"modified":"2015-08-21T10:25:52","modified_gmt":"2015-08-21T08:25:52","slug":"szlifowanie","status":"publish","type":"page","link":"https:\/\/wolniodnudy.pl\/index.php\/produkcja\/szlifowanie\/","title":{"rendered":"Szlifowanie"},"content":{"rendered":"<p>No i tu niezb\u0119dne s\u0105 odpowiednie narz\u0119dzia w postaci szlifierki wodnej. Najta\u0144szy model kosztuje oko\u0142o 500z\u0142, ale bez tego witra\u017cu zrobi\u0107 si\u0119 nie da.<\/p>\n<p>A wi\u0119c maska ochronna na twarz (lepsza ni\u017c same okulary, bo chroni ca\u0142\u0105 twarz przed mikroskopijnymi okruchami, kt\u00f3rymi mo\u017cna by si\u0119 podrapa\u0107, a poza tym pozostawia wi\u0119cej powietrza i \u0142atwiej j\u0105 na chwil\u0119 ods\u0142oni\u0107) i do dzie\u0142a.<\/p>\n<p>&nbsp;<\/p>\n<p><a href=\"https:\/\/wolniodnudy.pl\/index.php\/produkcja\/ciecie-szkla\/\">&lt; poprzedni etap<\/a><\/p>\n<p><a href=\"https:\/\/wolniodnudy.pl\/index.php\/produkcja\/oklejanie\/\">kolejny etap &gt;<\/a><\/p>\n<p>&nbsp;<\/p>\n<p><a href=\"https:\/\/wolniodnudy.pl\/index.php\/produkcja\/\">powr\u00f3t do Produkcji<\/a><\/p>\n<!-- AddThis Advanced Settings generic via filter on the_content --><!-- AddThis Share Buttons generic via filter on the_content -->","protected":false},"excerpt":{"rendered":"<p>No i tu niezb\u0119dne s\u0105 odpowiednie narz\u0119dzia w postaci szlifierki wodnej. Najta\u0144szy model kosztuje oko\u0142o 500z\u0142, ale bez tego witra\u017cu zrobi\u0107 si\u0119 [&hellip;]<!-- AddThis Advanced Settings generic via filter on get_the_excerpt --><!-- AddThis Share Buttons generic via filter on get_the_excerpt --><\/p>\n","protected":false},"author":1,"featured_media":0,"parent":91,"menu_order":0,"comment_status":"closed","ping_status":"closed","template":"","meta":{"ngg_post_thumbnail":0},"aioseo_notices":[],"_links":{"self":[{"href":"https:\/\/wolniodnudy.pl\/index.php\/wp-json\/wp\/v2\/pages\/300"}],"collection":[{"href":"https:\/\/wolniodnudy.pl\/index.php\/wp-json\/wp\/v2\/pages"}],"about":[{"href":"https:\/\/wolniodnudy.pl\/index.php\/wp-json\/wp\/v2\/types\/page"}],"author":[{"embeddable":true,"href":"https:\/\/wolniodnudy.pl\/index.php\/wp-json\/wp\/v2\/users\/1"}],"replies":[{"embeddable":true,"href":"https:\/\/wolniodnudy.pl\/index.php\/wp-json\/wp\/v2\/comments?post=300"}],"version-history":[{"count":2,"href":"https:\/\/wolniodnudy.pl\/index.php\/wp-json\/wp\/v2\/pages\/300\/revisions"}],"predecessor-version":[{"id":310,"href":"https:\/\/wolniodnudy.pl\/index.php\/wp-json\/wp\/v2\/pages\/300\/revisions\/310"}],"up":[{"embeddable":true,"href":"https:\/\/wolniodnudy.pl\/index.php\/wp-json\/wp\/v2\/pages\/91"}],"wp:attachment":[{"href":"https:\/\/wolniodnudy.pl\/index.php\/wp-json\/wp\/v2\/media?parent=300"}],"curies":[{"name":"wp","href":"https:\/\/api.w.org\/{rel}","templated":true}]}}