{"id":1746,"date":"2016-09-23T13:30:50","date_gmt":"2016-09-23T11:30:50","guid":{"rendered":"http:\/\/wolniodnudy.pl\/?page_id=1746"},"modified":"2019-04-09T17:59:30","modified_gmt":"2019-04-09T15:59:30","slug":"kursy","status":"publish","type":"page","link":"https:\/\/wolniodnudy.pl\/index.php\/kursy\/","title":{"rendered":"Kursy"},"content":{"rendered":"<p>wszystkich, kt\u00f3rzy chc\u0105 poszerzy\u0107 swoje horyzonty, naby\u0107 nowe umiej\u0119tno\u015bci, mi\u0142o sp\u0119dzi\u0107 czas oraz tych, kt\u00f3rzy spe\u0142niaj\u0105 si\u0119 w\u0142asnor\u0119cznie przygotowuj\u0105c prezenty dla innych, czy ozdabiaj\u0105c w\u0142asny dom zapraszam na:<\/p>\n<ul>\n<li><a href=\"#ad\"><strong>kursy j\u0119zyka w\u0142oskiego<\/strong><\/a><\/li>\n<li><a href=\"#ml\"><strong>warsztaty r\u0119kodzielnicze<\/strong><\/a><\/li>\n<\/ul>\n<p>Zaj\u0119cia prowadzone s\u0105 w <span style=\"color: #ff0000;\"><b>Grzeszynie<\/b><span style=\"color: #001000;\"> (okolice \u0141asku i Zelowa)<\/span><\/span>, w \u0141odzi,\u00a0albo<strong> <span style=\"color: #ff0000;\">z dojazdem<\/span> <\/strong>do Kursanta. W przypadku grup &#8211; o ile maj\u0105 Pa\u0144stwo takie \u017cyczenie &#8211; zaj\u0119cia zostan\u0105 zorganizowane we wskazanym miejscu (dom kultury, szko\u0142a lub w innej sali).<a name=\"ad\"><\/a><\/p>\n<h2><strong>KURSY J\u0118ZYKA W\u0141OSKIEGO<\/strong>:<\/h2>\n<p>Ze wzgl\u0119du na \u0142atwo\u015b\u0107 (dla Polak\u00f3w) wymowy, melodyjno\u015b\u0107, ale i przejrzyst\u0105 gramatyk\u0119 j\u0119zyk w\u0142oski jest idealnym wyborem w przypadku decyzji o nauce j\u0119zyka obcego, zar\u00f3wno pierwszego, jak i pierwszego j\u0119zyka roma\u0144skiego (w\u0142oski, hiszpa\u0144ski, francuski, portugalski, rumu\u0144ski). Znajomo\u015b\u0107 w\u0142oskiego otwiera drog\u0119 do nauki innych j\u0119zyk\u00f3w obcych, ale przede wszystkim jest \u015brodkiem do poznania W\u0142och i W\u0142och\u00f3w, kraju i kultury, a tak\u017ce nawi\u0105zania kontakt\u00f3w mi\u0119dzynarodowych. Jako, \u017ce W\u0142ochy s\u0105 jednym z g\u0142\u00f3wnych kierunk\u00f3w turystycznych, to znajomo\u015b\u0107 j\u0119zyka daje szans\u0119 na samodzielne poznanie kraju wina, oliwek, dobrego jedzenia, zabytk\u00f3w kultury i sztuki, ale i miejsc niezwyk\u0142ych przyrodniczo i krajobrazowo.<\/p>\n<h4>Proponuj\u0119 wyb\u00f3r jednego z <strong>typ\u00f3w kurs\u00f3w<\/strong>:<\/h4>\n<ol>\n<li><strong>DOLCE FAR NIENTE<\/strong>: kurs j\u0119zykowy w wolniejszym &#8211; ani\u017celi standardowe kursy &#8211; tempie nauki.\u00a0Wi\u0119kszo\u015b\u0107 pracy nad przyswajaniem s\u0142ownictwa i gramatyki odbywa\u0107 si\u0119 b\u0119dzie w trakcie zaj\u0119\u0107. Spokojnie, ale systematycznie,\u00a0b\u0119dziemy wsp\u00f3lnie odkrywa\u0107 tajemnice j\u0119zyka w\u0142oskiego. Kurs bazuje na nauce przez do\u015bwiadczanie, a wi\u0119c przez r\u00f3\u017cnego rodzaju formy aktywnego przyswajania wiedzy. Jest przeznaczony dla os\u00f3b, kt\u00f3re nie mog\u0105 po\u015bwi\u0119ci\u0107 zbyt wiele czasu na nauk\u0119, b\u0105d\u017a preferuj\u0105 wolniejsze, ale skuteczne tempo nauki, tak dla zapracowanych doros\u0142ych, jak i dla dzieci (grupy mieszane tylko w przypadku zg\u0142oszenia takiej ch\u0119ci przez kursant\u00f3w);<\/li>\n<li><strong>AL DENTE &#8211; kurs kulturowo-j\u0119zykowy<\/strong>: celem tego kursu jest poznanie W\u0142och i kultury w\u0142oskiej, miejsc, kt\u00f3re warto odwiedzi\u0107, zwyczaj\u00f3w o kt\u00f3rych warto si\u0119 dowiedzie\u0107, smako\u0142yk\u00f3w kt\u00f3rych trzeba spr\u00f3bowa\u0107, film\u00f3w, muzyki, sztuki, a tak\u017ce s\u0142ownictwa pozwalaj\u0105cego na samodzielne kontaktowanie si\u0119 z W\u0142ochami w trakcie podr\u00f3\u017cy lub pracy we W\u0142oszech. Nasze spotkania pozwol\u0105 Pa\u0144stwu \u015bwiadomie wybra\u0107 spos\u00f3b i miejsce sp\u0119dzenia najbli\u017cszych, b\u0105d\u017a kolejnych wakacji. To takie studia italianistyczne w pigu\u0142ce<\/li>\n<li><strong>BELLA FIGURA<\/strong> &#8211; kurs standardowy, prowadzony w oparciu o jeden z popularnych i bardzo dobrze przygotowanych podr\u0119cznik\u00f3w do nauki j\u0119zyka w\u0142oskiego (Caff\u00e8 Italia lub Progetto Italiano) oczywi\u015bcie\u00a0z wraz z dodatkowymi materia\u0142ami do nauki i utrwalania poznanego materia\u0142u, a kt\u00f3re\u00a0uprzyjemni\u0105 nauk\u0119 i uczyni\u0105 j\u0105 bardziej efektywn\u0105. Dwa semestry nauki pozwalaj\u0105 na zdobycie poziomu umo\u017cliwiaj\u0105cego kontakt w sklepie, hotelu, czy restauracji, prowadzenie prostych konwersacji.\u00a0Po dw\u00f3ch latach nauki osi\u0105ga si\u0119 poziom B1, a wi\u0119c taki poziom komunikacji, kt\u00f3ry umo\u017cliwia funkcjonowanie w pracy i innej przestrzeni spo\u0142ecznej.<\/li>\n<\/ol>\n<p>Kursy mog\u0105 by\u0107\u00a0prowadzone w <strong>formie indywidualnej<\/strong>, ale\u00a0nauka jest przyjemniejsza i bardziej efektywna, a tak\u017ce &#8211; co nie jest bez znaczenia &#8211; ta\u0144sza, w przypadku <span style=\"color: #ff0000;\"><strong>ma\u0142ej grupy<\/strong> <\/span>(2-8 os\u00f3b), wi\u0119c <span style=\"color: #ff0000;\">polecam w\u0142a\u015bnie tak\u0105 form\u0119<\/span>. A je\u015bli grup\u0119 b\u0119d\u0105 stanowi\u0107 znajomi, pary, czy rodziny, to nauka b\u0119dzie nie tylko \u0142atwiejsza, ale i rado\u015bniejsza i owocna:) Nic nie stoi na przeszkodzie, aby j\u0119zyka uczyli si\u0119 wsp\u00f3lnie dzieci w r\u00f3\u017cnym wieku, rodzice i\u00a0dziadkowie. Dla ka\u017cdej grupy znajd\u0119 satysfakcjonuj\u0105ce wszystkich rozwi\u0105zanie.<\/p>\n<h3><strong>Wolne terminy<\/strong>:<\/h3>\n<p><span style=\"color: #3366ff;\"><span style=\"color: #000000;\">Prosz\u0119 o kontakt mailowy:<\/span> <span style=\"color: #ff0000;\">info@wolniodnudy.pl<\/span> <\/span><\/p>\n<h3><strong>Cena<\/strong><\/h3>\n<p>zale\u017cna od formy zaj\u0119\u0107, ich cz\u0119stotliwo\u015bci, wymiaru godzinowego, terminu oraz\u00a0liczby os\u00f3b w grupie.<br \/>\nProsz\u0119 o kontakt mailowy: <span style=\"color: #ff0000;\"><strong>info@wolniodnudy.pl<\/strong><\/span> &#8211; niezw\u0142ocznie odpowiem, b\u0105d\u017a oddzwoni\u0119 (w przypadku maili wysy\u0142anych od poniedzia\u0142ku do pi\u0105tku po godzinie 18 w najbli\u017cszym dniu &#8222;roboczym&#8221;).<\/p>\n<h3><strong>Kim jestem?<\/strong> Jakie mam uprawnienia do nauki j\u0119zyka w\u0142oskiego?<\/h3>\n<p>Jestem absolwentk\u0105 Filologii w\u0142oskiej U\u0141, aktywnym t\u0142umaczem j\u0119zyka w\u0142oskiego.<br \/>\nMoja znajomo\u015b\u0107 kultury i j\u0119zyka nie ogranicza si\u0119 do &#8222;szkolnej&#8221; wiedzy. Zjecha\u0142am W\u0142ochy wszerz i wzd\u0142u\u017c, z W\u0142ochami utrzymuj\u0119 kontakty zar\u00f3wno na stopie zawodowej, jak i przyjacielskiej.<br \/>\nKocham Dolomity, ale odkryj\u0119 przed Pa\u0144stwem sekrety, wady i zalety nie tylko regionu Trydent-G\u00f3rna Adyga, ale i pozosta\u0142ych cz\u0119\u015bci W\u0142och.<br \/>\nOdpowiem &#8211; z do\u015bwiadczenia &#8211; na pytania, gdzie s\u0105 najpi\u0119kniejsze pla\u017ce, zabytki warte zwiedzenia, parki rozrywki, nietypowe muzea, ale tak\u017ce co zje\u015b\u0107, czy jakie wino wypi\u0107\u00a0b\u0119d\u0105c w Mediolanie, czy Palermo.<br \/>\nKocham j\u0119zyk w\u0142oski i W\u0142ochy, a W\u0142och\u00f3w i ich spos\u00f3b bycia&#8230; wci\u0105\u017c ucz\u0119 si\u0119 rozumie\u0107;)<br \/>\nJestem wykwalifikowanym nauczycielem. Przez kilkana\u015bcie lat wyk\u0142ada\u0142am na U\u0141 (uczy\u0142am przedmiot\u00f3w z zakresu nauk ekonomicznych i spo\u0142ecznych oraz informatycznych). Teraz oddaj\u0119 si\u0119 w 100% dw\u00f3m moim pasjom jakimi s\u0105 j\u0119zyk i kultura W\u0142och oraz techniki kreatywne.<a name=\"ml\"><\/a><\/p>\n<h2><strong>WARSZTATY R\u0118KODZIELNICZE<\/strong><\/h2>\n<p>Moj\u0105 pasj\u0105 s\u0105 wszelkiego rodzaju techniki kreatywne. O tym czym aktualnie si\u0119 zajmuj\u0119 mog\u0105 Pa\u0144stwo przeczyta\u0107 na <a href=\"https:\/\/wolniodnudy.pl\/index.php\/category\/blog-manualnie\/\">blogu<\/a>. A swoj\u0105 wiedz\u0105, umiej\u0119tno\u015bciami i zainteresowaniami ch\u0119tnie podziel\u0119 si\u0119 z Pa\u0144stwem w trakcie regularnych spotka\u0144, b\u0105d\u017a pojedynczych, tematycznych warsztat\u00f3w.<\/p>\n<p>W\u015br\u00f3d technik, kt\u00f3re mog\u0105 Pa\u0144stwo wsp\u00f3lnie ze mn\u0105 zg\u0142\u0119bia\u0107 s\u0105:<\/p>\n<ul>\n<li><strong>techniki szklarskie<\/strong> (m.in. tworzenie witra\u017cy technik\u0105 Tiffaniego, fusing &#8211; stapianie szk\u0142a, lampworking &#8211; tworzenie szklanych koralik\u00f3w, malowania na szkle, piaskowania) &#8211; cz\u0119\u015b\u0107 moich prac mog\u0105 Pa\u0144stwo zobaczy\u0107 na stronach <a href=\"https:\/\/wolniodnudy.pl\/index.php\/manualnie\/\">manualnie<\/a>\u00a0oraz czytaj\u0105c <a href=\"https:\/\/wolniodnudy.pl\/index.php\/category\/blog-manualnie\/\">bloga<\/a>.<br \/>\nWykonane przez Pa\u0144stwa prace mog\u0105 ozdobi\u0107 mieszkanie, sta\u0107 si\u0119 pi\u0119knym i warto\u015bciowym prezentem.<br \/>\nTechniki szklarskie wymagaj\u0105 odpowiedniego warsztatu i narz\u0119dzi, wi\u0119c kursy organizowane s\u0105 jedynie w trybie regularnych cotygodniowych zaj\u0119\u0107 (ewentualnie spotkania mog\u0105 odbywa\u0107 si\u0119 raz na dwa tygodnie lub raz w miesi\u0105cu) tak aby mieli Pa\u0144stwo dost\u0119p do narz\u0119dzi i miejsca pracy bez konieczno\u015bci ponoszenia dodatkowych nak\u0142ad\u00f3w;<\/li>\n<li><strong>embossing<\/strong>, czyli t\u0142oczenie w r\u00f3\u017cnych materia\u0142ach, ale g\u0142\u00f3wnie papierze i folii aluminiowej &#8211; techniki te mog\u0105 by\u0107 z powodzeniem realizowane samodzielnie, ale wsp\u00f3lna praca daje wi\u0119cej rado\u015bci, a dodatkowo \u0142atwiej znale\u017a\u0107 jest czas na hobby rezerwuj\u0105c dany termin &#8211; zapraszam wi\u0119c na regularne spotkania z jednej techniki, b\u0105d\u017a serii technik;<\/li>\n<li><strong>mydlarskie<\/strong> (na bazie gotowego myd\u0142a glicerynowego) &#8211; godzina czasu (a czasami mniej) wystarcza by przygotowa\u0107 niepowtarzalne, pi\u0119knie pachn\u0105ce myde\u0142ko (cena gotowego myd\u0142a artystycznego waha si\u0119 w sklepach mi\u0119dzy 150 a 200z\u0142 za kg). To tego samodzielne formowanie myd\u0142a to fantastyczna zabawa dla os\u00f3b w ka\u017cdym wieku, tak\u017ce tych, kt\u00f3rzy nie posiadaj\u0105 ogromnych zdolno\u015bci plastycznych. Wystarcz\u0105 dobre ch\u0119ci , a ja poka\u017c\u0119 r\u00f3\u017cne sztuczki i pomys\u0142y.<br \/>\nPojedyncze warsztaty s\u0105 doskona\u0142ym pomys\u0142em na prezent z okazji tak\u00a05-tych, 18, jak i 60 urodzin, \u015awi\u0105t Bo\u017cego Narodzenia, czy jako atrakcja na wiecz\u00f3r panie\u0144ski (oczywi\u015bcie dobierzemy w\u0142a\u015bciw\u0105 form\u0119 przygotowywanego myd\u0142a;)),<\/li>\n<li><strong>wykorzystanie glinki polimerowej<\/strong> &#8211; materia\u0142u \u0142atwiejszego w obr\u00f3bce ni\u017c plastelina, ale daj\u0105cego mo\u017cliwo\u015b\u0107 samodzielnego przygotowywania bi\u017cuterii, ok\u0142adek, oprawek, miniatur\u00a0i innych przedmiot\u00f3w,<\/li>\n<li>i wiele wiele innych:\u00a0<strong>tworzenia papieru czerpanego<\/strong>, sk\u0142adania pude\u0142ek, <strong>folding book art<\/strong> (tworzenia rze\u017ab z ksi\u0105\u017cek poprzez zaginanie stron), <strong>string art<\/strong> (tworzenia przestrzennych obraz\u00f3w z nici), filcowania we\u0142ny na mokro&#8230;<\/li>\n<\/ul>\n<h3><strong>Terminy<\/strong>:<\/h3>\n<p>do uzgodnienia.<\/p>\n<h3><strong>Cena<\/strong><\/h3>\n<p>zale\u017cna od rodzaju zaj\u0119\u0107, ich cz\u0119stotliwo\u015bci, wymiaru godzinowego, terminu zaj\u0119\u0107, liczby os\u00f3b w grupie&#8230;<br \/>\nW celu ustalenia szczeg\u00f3\u0142\u00f3w prosz\u0119 o kontakt mailowy: <span style=\"color: #ff0000;\">info@wolniodnudy.pl. <\/span><strong>Orientacyjnie<\/strong>:<\/p>\n<ul>\n<li><strong>warsztaty z technik mieszanych<\/strong>: zaj\u0119cia <span style=\"color: #3366ff;\">120 min<\/span>., 4 spotkania w miesi\u0105cu, materia\u0142y i narz\u0119dzia w cenie, 100-240z\u0142\/os. (<span style=\"color: #00ccff;\"><span style=\"color: #3366ff;\">240z\u0142 za 4 zaj\u0119cia indywidualne<\/span> <\/span>w miesi\u0105cu,\u00a0<span style=\"color: #3366ff;\">100z\u0142<\/span> &#8211; cena <span style=\"color: #3366ff;\">za osob\u0119 za 4 zaj\u0119cia<\/span> w grupie min.\u00a04 os\u00f3b)<\/li>\n<li><strong>warsztaty szklarskie<\/strong>: 12 spotka\u0144 (4 spotkania w miesi\u0105cu, materia\u0142y i narz\u0119dzia w cenie) <span style=\"color: #00ccff;\"><span style=\"color: #3366ff;\">480-800z\u0142 za osob\u0119<\/span> <\/span>za cykl <span style=\"color: #00ccff;\"><span style=\"color: #3366ff;\">12 spotka\u0144<\/span> <\/span>(ni\u017csza cena przy za\u0142o\u017ceniu, \u017ce grupa b\u0119dzie liczy\u0142a 5 os\u00f3b), w cenie m.in. wykonanie 3 witra\u017cy<\/li>\n<li><strong>warsztaty mydlarskie<\/strong>: jednorazowe, indywidualne, czas trwania: 60-120 min., zaj\u0119cia w siedzibie firmy:\u00a0<span style=\"color: #3366ff;\">80 z\u0142<\/span>, dla grupy &#8211; do uzgodnienia; myde\u0142ka przygotowane w trakcie zaj\u0119\u0107 zabieraj\u0105 Pa\u0144stwo ze sob\u0105<\/li>\n<li><strong>spotkania tematyczne<\/strong> &#8211; np. szykujemy dekoracje na Halloween, Bo\u017ce Narodzenie, nadej\u015bcie zimy,\u00a0prezent na Dzie\u0144 Kobiet, czy Dzie\u0144 Dziadka &#8211; <span style=\"color: #00ccff;\"><span style=\"color: #3366ff;\">200z\u0142 za 3 godzinne spotkanie<\/span> <\/span>+ dodatkowo p\u0142atne\u00a0materia\u0142y (do uzgodnienia), takie zaj\u0119cia mog\u0105 np. atrakcj\u0105 urodzinow\u0105\u00a0dla dziecka.<\/li>\n<\/ul>\n<p><span style=\"color: #ff0000;\">Niezale\u017cnie od tego jakie zaj\u0119cia Pa\u0144stwo wybior\u0105 gwarantuj\u0119, \u017ce nie b\u0119d\u0105 si\u0119 Pa\u0144stwo nudzi\u0107. <\/span><\/p>\n<p><span style=\"color: #ff0000;\">Gdyby jednak <\/span><span style=\"color: #ff0000;\">nie byli Pa\u0144stwo w pe\u0142ni usatysfakcjonowani wsp\u00f3lnie uzgodnimy form\u0119 rekompensaty;)<\/span><\/p>\n<p>W przypadku jakichkolwiek w\u0105tpliwo\u015bci, b\u0105d\u017a pyta\u0144 prosz\u0119 o kontakt mailowy: <span style=\"color: #ff0000;\"><strong>info@wolniodnudy.pl<\/strong><\/span> &#8211; niezw\u0142ocznie odpowiem, b\u0105d\u017a oddzwoni\u0119 (w przypadku maili wysy\u0142anych od poniedzia\u0142ku do pi\u0105tku w godzinach 8-18 najp\u00f3\u017aniej po 2 godzinach, w innym w najbli\u017cszym dniu &#8222;roboczym&#8221;).<\/p>\n<p>&nbsp;<\/p>\n<h2>INNE<\/h2>\n<p>Je\u015bli s\u0105 Pa\u0144stwo zainteresowani <strong>t\u0142umaczeniem<\/strong> z j\u0119zyka w\u0142oskiego lub na j\u0119zyk w\u0142oski (pisemnymi, b\u0105d\u017a ustnymi), <strong>nawi\u0105zaniem kontakt\u00f3w<\/strong> na rynku w\u0142oskim, b\u0105d\u017a <strong>organizacj\u0105 wyjazd\u00f3w<\/strong> prywatnych, czy s\u0142u\u017cbowych do W\u0142och, b\u0105d\u017a Austrii, to tak\u017ce s\u0142u\u017c\u0119 pomoc\u0105.<\/p>\n<!-- AddThis Advanced Settings generic via filter on the_content --><!-- AddThis Share Buttons generic via filter on the_content -->","protected":false},"excerpt":{"rendered":"<p>wszystkich, kt\u00f3rzy chc\u0105 poszerzy\u0107 swoje horyzonty, naby\u0107 nowe umiej\u0119tno\u015bci, mi\u0142o sp\u0119dzi\u0107 czas oraz tych, kt\u00f3rzy spe\u0142niaj\u0105 si\u0119 w\u0142asnor\u0119cznie przygotowuj\u0105c prezenty dla innych, [&hellip;]<!-- AddThis Advanced Settings generic via filter on get_the_excerpt --><!-- AddThis Share Buttons generic via filter on get_the_excerpt --><\/p>\n","protected":false},"author":1,"featured_media":0,"parent":0,"menu_order":0,"comment_status":"closed","ping_status":"closed","template":"","meta":{"ngg_post_thumbnail":0},"aioseo_notices":[],"_links":{"self":[{"href":"https:\/\/wolniodnudy.pl\/index.php\/wp-json\/wp\/v2\/pages\/1746"}],"collection":[{"href":"https:\/\/wolniodnudy.pl\/index.php\/wp-json\/wp\/v2\/pages"}],"about":[{"href":"https:\/\/wolniodnudy.pl\/index.php\/wp-json\/wp\/v2\/types\/page"}],"author":[{"embeddable":true,"href":"https:\/\/wolniodnudy.pl\/index.php\/wp-json\/wp\/v2\/users\/1"}],"replies":[{"embeddable":true,"href":"https:\/\/wolniodnudy.pl\/index.php\/wp-json\/wp\/v2\/comments?post=1746"}],"version-history":[{"count":30,"href":"https:\/\/wolniodnudy.pl\/index.php\/wp-json\/wp\/v2\/pages\/1746\/revisions"}],"predecessor-version":[{"id":2815,"href":"https:\/\/wolniodnudy.pl\/index.php\/wp-json\/wp\/v2\/pages\/1746\/revisions\/2815"}],"wp:attachment":[{"href":"https:\/\/wolniodnudy.pl\/index.php\/wp-json\/wp\/v2\/media?parent=1746"}],"curies":[{"name":"wp","href":"https:\/\/api.w.org\/{rel}","templated":true}]}}