{"id":1098,"date":"2015-12-30T15:04:19","date_gmt":"2015-12-30T14:04:19","guid":{"rendered":"http:\/\/wolniodnudy.pl\/?page_id=1098"},"modified":"2015-12-30T15:04:19","modified_gmt":"2015-12-30T14:04:19","slug":"jak-sie-nie-dac-podejsc-oszustom-w-pierwszych-dniach-istnienia-firmy","status":"publish","type":"page","link":"https:\/\/wolniodnudy.pl\/index.php\/jak-sie-nie-dac-podejsc-oszustom-w-pierwszych-dniach-istnienia-firmy\/","title":{"rendered":"Jak si\u0119 nie da\u0107 podej\u015b\u0107 oszustom w pierwszych dniach istnienia firmy"},"content":{"rendered":"<p>O 8.30 zarejestrowa\u0142am firm\u0119, a o 18.30 dosta\u0142am pierwszego maila typu:<\/p>\n<p>&#8222;Zgodnie z art. 25 ust. 1 Ustawy z dnia\u00a0&#8230;BLA BLA BLA&#8230;\u00a0uprzejmie informujemy, i\u017c Pa\u0144stwa dane zosta\u0142y pozyskane z Centralnej Ewidencji i Informacji o Dzia\u0142alno\u015bci Gospodarczej &#8230;BLA BLA BLA&#8230; Administratorem Pa\u0144stwa danych jest &#8230;BLA BLA BLA&#8230;\u00a0Dane osobowe, b\u0119d\u0105ce w posiadaniu Administratora Danych, przetwarzane s\u0105 w celach: statystycznych i edukacyjnych, bada\u0144 i analiz, ewidencji dzia\u0142alno\u015bci przedsi\u0119biorstw, a tak\u017ce marketingu bezpo\u015bredniego produkt\u00f3w i us\u0142ug Kaczmarski\u00a0Inkasso\u00a0sp.\u00a0z\u00a0o.o.<br \/>\nInformujemy, \u017ce maj\u0105 Pa\u0144stwo prawo dost\u0119pu do swoich danych oraz mo\u017cliwo\u015b\u0107 ich poprawiania. Przys\u0142uguje Pa\u0144stwu tak\u017ce prawo \u017c\u0105dania zaprzestania przetwarzania danych oraz prawo sprzeciwu wobec przetwarzania i udost\u0119pniania ich innym podmiotom.&#8221;<\/p>\n<p>Nadchodzi\u0142y \u015awi\u0119ta i od\u0142o\u017cy\u0142am na potem z\u0142o\u017cenie sprzeciwu.<\/p>\n<p>Zaraz po \u015awi\u0119tach ze skrzynki wypad\u0142y, poza kartkami \u015bwi\u0105tecznymi &#8211; niekt\u00f3rzy je, na szcz\u0119\u015bcie,\u00a0wysy\u0142aj\u0105 &#8211; dwa listy. Na nieszcz\u0119\u015bcie firm, kt\u00f3re je wys\u0142a\u0142y oba by\u0142o zbli\u017conej tre\u015bci i do obu do\u0142\u0105czono rachunki z kr\u00f3tk\u0105 dat\u0105 p\u0142atno\u015bci. Jeden opiewa\u0142 na 149, a drugi na\u00a0195z\u0142. Pierwszy, wys\u0142any przez Rejestr Dzia\u0142alno\u015bci Gospodarczych i Firm (a jak\u017ce Warszawa, Aleje Jerozolimskie) m\u00f3wi\u0142, \u017ce og\u0142oszenie wpisu w Rejestrze wymaga fakultatywnej op\u0142aty rejestracyjnej (pytanie ile os\u00f3b odczyta, \u017ce fakultatywnej). Drugi pochodzi\u0142 z CEFiDG (CEiDG a CEFiDG &#8211; trzeba si\u0119 nie\u017ale przypatrze\u0107). Brak adresu, czerwony stempel &#8211; robi wra\u017cenie. Do tego w tek\u015bcie &#8222;op\u0142ata jednorazowa i obowi\u0105zkowa&#8221;. Fakt, \u017ce jak si\u0119 wczytamy, to jest napisane, \u017ce&#8221;aby dane Pa\u0144stwa firmy zosta\u0142y wpisane&#8221;. No w\u0142a\u015bnie, ale wiele os\u00f3b, kt\u00f3re przed chwil\u0105 zarejestrowa\u0142y firm\u0119 i czuj\u0105 si\u0119 zagubione, uzna, \u017ce to o wpis do CEiDG chodzi\u0142o. Niekoniecznie b\u0119d\u0105 pami\u0119ta\u0107\/wiedzie\u0107, \u017ce rejestracja dzia\u0142alno\u015bci jest&#8230; bezp\u0142atna.<\/p>\n<p>Warto wi\u0119c rozmawia\u0107, bo o tego typu dzia\u0142aniach dowiedzia\u0142am si\u0119 niezale\u017cnie od dw\u00f3ch os\u00f3b prowadz\u0105cych w\u0142asn\u0105 dzia\u0142alno\u015b\u0107. Przynajmniej jedna z nich zap\u0142aci\u0142a&#8230;<\/p>\n<p>Aby nie wyrzuca\u0107 pieni\u0119dzy w b\u0142oto trzeba czyta\u0107.<\/p>\n<p>Mnie wystarczy\u0142 raz, aby si\u0119 tego nauczy\u0107. Wnioskowa\u0142am o kredyt hipoteczny, kt\u00f3ry zosta\u0142 mi przyznany. Niestety\/na szcz\u0119\u015bcie\u00a0do transakcji nie dosz\u0142o. By\u0142am przekonana, \u017ce skoro nie otrzyma\u0142am pieni\u0119dzy, to&#8230; nie dosta\u0142am i tyle.\u00a0 Okaza\u0142o si\u0119, \u017ce sam fakt przyznania kredytu rodzi\u0142 konieczno\u015b\u0107 op\u0142acenia podatku. Gdybym zg\u0142osi\u0142a si\u0119 do US mog\u0142abym unikn\u0105\u0107 dwukrotnego op\u0142acenia podatku (bo dom, inny co prawda, kupi\u0142am, wi\u0119c z kredytu i tak skorzysta\u0142am).<\/p>\n<p>Czytanie&#8230;. czytanie ze zrozumieniem, to kwestia zdrowia (fizycznego i psychicznego), czasem \u017cycia, czasami tylko czasu, no i prawie zawsze pieni\u0119dzy. Nie wystarczy przy tym czyta\u0107 tylko um\u00f3w i tylko tego co drobnym druczkiem. Przekona\u0142am si\u0119 o tym&#8230; dwukrotnie (mo\u017ce jednak wolno si\u0119 ucz\u0119). Mog\u0119 opowiada\u0107 jako anegdot\u0119, bo sko\u0144czy\u0142o si\u0119 na strachu. Raz za\u0142o\u017cy\u0142am, \u017ce wszyscy producenci farb do w\u0142os\u00f3w pakuj\u0105 w analogiczne opakowania odpowiednie sk\u0142adniki (te dwa do po\u0142\u0105czenia oraz balsam). Pech chcia\u0142, \u017ce nie zawsze tak jest i jeden sk\u0142adnik farby po\u0142\u0105czy\u0142am z balsamem, a potem wyla\u0142am sobie na g\u0142ow\u0119 (z my\u015bl\u0105, \u017ce to balsam) substancj\u0119 aktywuj\u0105c\u0105 (perhydrol, czy co\u015b podobnego). Za drugim razem w sklepie kosmetycznym sprzedawczyni podaj\u0105c mi tester pomadki przetar\u0142a go p\u0142atkiem kosmetycznym i p\u0142ynem. Za\u0142o\u017cy\u0142am, \u017ce do p\u0142yn do demakija\u017cu i po na\u0142o\u017ceniu testera na ustna zmy\u0142am go owym p\u0142ynem. Po g\u0142\u0119bokiej analizie tego co nast\u0105pi\u0142o dosz\u0142am, \u017ce by\u0142 to&#8230; zmywacz do paznokci.\u00a0Uczy\u0107 si\u0119 na cudzych b\u0142\u0119dach\u00a0&#8211; jedno z moich noworocznych postanowie\u0144:)<\/p>\n<p>&nbsp;<\/p>\n<!-- AddThis Advanced Settings generic via filter on the_content --><!-- AddThis Share Buttons generic via filter on the_content -->","protected":false},"excerpt":{"rendered":"<p>O 8.30 zarejestrowa\u0142am firm\u0119, a o 18.30 dosta\u0142am pierwszego maila typu: &#8222;Zgodnie z art. 25 ust. 1 Ustawy z dnia\u00a0&#8230;BLA BLA BLA&#8230;\u00a0uprzejmie [&hellip;]<!-- AddThis Advanced Settings generic via filter on get_the_excerpt --><!-- AddThis Share Buttons generic via filter on get_the_excerpt --><\/p>\n","protected":false},"author":1,"featured_media":0,"parent":0,"menu_order":0,"comment_status":"closed","ping_status":"closed","template":"","meta":{"ngg_post_thumbnail":0},"aioseo_notices":[],"_links":{"self":[{"href":"https:\/\/wolniodnudy.pl\/index.php\/wp-json\/wp\/v2\/pages\/1098"}],"collection":[{"href":"https:\/\/wolniodnudy.pl\/index.php\/wp-json\/wp\/v2\/pages"}],"about":[{"href":"https:\/\/wolniodnudy.pl\/index.php\/wp-json\/wp\/v2\/types\/page"}],"author":[{"embeddable":true,"href":"https:\/\/wolniodnudy.pl\/index.php\/wp-json\/wp\/v2\/users\/1"}],"replies":[{"embeddable":true,"href":"https:\/\/wolniodnudy.pl\/index.php\/wp-json\/wp\/v2\/comments?post=1098"}],"version-history":[{"count":1,"href":"https:\/\/wolniodnudy.pl\/index.php\/wp-json\/wp\/v2\/pages\/1098\/revisions"}],"predecessor-version":[{"id":1099,"href":"https:\/\/wolniodnudy.pl\/index.php\/wp-json\/wp\/v2\/pages\/1098\/revisions\/1099"}],"wp:attachment":[{"href":"https:\/\/wolniodnudy.pl\/index.php\/wp-json\/wp\/v2\/media?parent=1098"}],"curies":[{"name":"wp","href":"https:\/\/api.w.org\/{rel}","templated":true}]}}