{"id":1090,"date":"2015-12-30T13:33:06","date_gmt":"2015-12-30T12:33:06","guid":{"rendered":"http:\/\/wolniodnudy.pl\/?page_id=1090"},"modified":"2016-01-03T15:48:56","modified_gmt":"2016-01-03T14:48:56","slug":"pozyskiwanie-srodkow","status":"publish","type":"page","link":"https:\/\/wolniodnudy.pl\/index.php\/pozyskiwanie-srodkow\/","title":{"rendered":"Pozyskiwanie \u015brodk\u00f3w"},"content":{"rendered":"<p>Pozyskanie \u015brodk\u00f3w mo\u017ce by\u0107 proste.<\/p>\n<p>Czym pomys\u0142 biznesowy jest lepiej zarysowany tym jest ono tym prostsze.<\/p>\n<p>Je\u015bli wiemy co chcemy robi\u0107, na czym chcemy zarabia\u0107, to przygotowanie biznesu powinno by\u0107 wykonalne.<\/p>\n<p>Nie oznacza to, \u017ce musi by\u0107 banalnie proste. Nie musi i pewnie nie b\u0119dzie nawet dla kogo\u015b kto robi to &#8222;po raz n-ty&#8221;. Dlaczego? Bo wymaga postawienia sobie szeregu pyta\u0144 i znalezienia na nie odpowiedzi.<br \/>\nPozyskiwanie \u015brodk\u00f3w ma t\u0119 zalet\u0119, \u017ce niezale\u017cnie od tego, czy b\u0119d\u0105 to \u015brodki zwrotne (po\u017cyczki), bezzwrotne (np. z program\u00f3w unijnych), czy b\u0119dzie to kapita\u0142 wnoszony przez wsp\u00f3lnik\u00f3w, to wymaga ono przedstawienia mniej lub bardziej sformalizowanego biznes planu. Dlaczego uwa\u017cam, \u017ce to dobrze? Bo musimy zmierzy\u0107 si\u0119 z odpowiedzi\u0105 na pytania, na kt\u00f3re odpowiadania unikali\u015bmy. Dla r\u00f3\u017cnych os\u00f3b, to mog\u0105 by\u0107 r\u00f3\u017cne kwestie: o prognozy przychod\u00f3w, o koszty, o koszty dodatkowe, kt\u00f3rych nie chcemy dostrzega\u0107&#8230;<\/p>\n<p>Ja pozyska\u0142am \u015brodki na otwarcie dzia\u0142alno\u015bci gospodarczej z EU, kt\u00f3re s\u0105 obarczone m.in. konieczno\u015bci\u0105 utrzymania dzia\u0142ania firmy przez rok, a tak\u017ce zakazem podejmowania pracy. No i z konieczno\u015bci\u0105 wykazania przedmiotu wydatkowania.<\/p>\n<p>M\u00f3j wniosek, poza danymi osobowymi, zawiera\u0142 pytania o:<\/p>\n<ul>\n<li><strong>przedmiot i rodzaj prowadzonej dzia\u0142alno\u015bci\u00a0<\/strong><em> &#8211; <\/em>ostatnie pytanie, kt\u00f3re bym sobie postawi\u0142a, a przecie\u017c odpowied\u017a na nie jest niezb\u0119dna do rejestracji dzia\u0142alno\u015bci. Je\u015bli chodzi o rodzaj dzia\u0142alno\u015bci gospodarczej, to sta\u0142o si\u0119 szybko jasne, \u017ce na pocz\u0105tek b\u0119d\u0119 sobie Panem, \u017ceglarzem i okr\u0119tem, a wi\u0119c, \u017ce b\u0119dzie to jednoosobowa dzia\u0142alno\u015b\u0107 gospodarcza. Ale ju\u017c co b\u0119dzie dzia\u0142alno\u015bci\u0105 g\u0142\u00f3wn\u0105, a co pomocnicz\u0105 nie umia\u0142abym odpowiedzie\u0107. To co faktycznie b\u0119dzie g\u0142\u00f3wnym \u017ar\u00f3d\u0142em moich dochod\u00f3w, a co tylko dodatkowym, poka\u017ce \u017cycie.<br \/>\nAby odpowiedzie\u0107 na pytanie kilkakrotnie przestudiowa\u0142am zawarto\u015b\u0107 PKD. Okaza\u0142o si\u0119, \u017ce jestem w stanie wyobrazi\u0107 sobie zbyt wiele scenariuszy rozwoju firmy. 30 wpis\u00f3w, kt\u00f3re wybra\u0142am musia\u0142am ograniczy\u0107 do 10. Je\u015bli chodzi o sam\u0105 rejestracj\u0119, to nic nie sta\u0142oby na przeszkodzie, abym wykaza\u0142a wszystkie rodzaje dzia\u0142alno\u015bci pomocniczej. Ograniczenie wynika\u0142o z decyzji dysponenta \u015brodk\u00f3w. Je\u015bli takiego ograniczenia nie ma, to lepiej wskaza\u0107 wi\u0119cej rodzaj\u00f3w dzia\u0142alno\u015bci ni\u017c mniej. Trzeba tylko zwr\u00f3ci\u0107 uwag\u0119 tylko na to, czy przypadkiem, kt\u00f3ra\u015b z nich nie rodzi konieczno\u015bci uzyskania zezwole\u0144, albo nie rodzi wej\u015bcia w VAT w momencie jej otwierania;<\/li>\n<li><strong>forma zabezpieczenia<\/strong> &#8211; tu wszystko zale\u017cy od tego kogo i w jakiej formie o pomoc mo\u017cemy, lub nie, poprosi\u0107;<\/li>\n<li><strong>planowany termin rozpocz\u0119cia dzia\u0142alno\u015bci gospodarczej<\/strong> &#8211; nie jest on bez znaczenia, bo otwieraj\u0105c firm\u0119 w grudniu wiedzia\u0142am, \u017ce ewentualne zaj\u0119cia grupowe b\u0119d\u0119 mog\u0142a zaproponowa\u0107 w po\u0142owie lutego, czyli z nadej\u015bciem nowego semestru lub nawet roku szkolnego, wtedy bowiem wi\u0119kszo\u015b\u0107 ludzi planuje regularne zaj\u0119cia dodatkowe; grudzie\u0144 okaza\u0142 si\u0119 tak\u017ce niespecjalnie fortunny ze wzgl\u0119du na to, \u017ce wi\u0119kszo\u015b\u0107 firm ma puste magazyny i nie jest \u0142atwo zdoby\u0107 zaopatrzenie;<\/li>\n<li><strong>adres prowadzonej dzia\u0142alno\u015bci <\/strong>&#8211; czyli co\u015b co mo\u017ce zadecydowa\u0107 o sukcesie lub pora\u017cce firmy, o ile nie jest to dzia\u0142alno\u015b\u0107 wirtualna;<\/li>\n<li><strong>\u015brodki trwa\u0142e, kt\u00f3rymi dysponujemy<\/strong> &#8211; pytanie nie od parady, bo by\u0107 mo\u017ce nak\u0142ady, kt\u00f3re musimy ponie\u015b\u0107 b\u0119d\u0105 mniejsze ni\u017c nam si\u0119 wydaje, to samo zreszt\u0105 dotyczy wcze\u015bniejszego pytania &#8211; sama wpierw oblicza\u0142am ile b\u0119dzie mnie kosztowa\u0142o wynaj\u0119cie lokalu, a po przemy\u015bleniu stwierdzi\u0142am, \u017ce kiedy b\u0119dzie potrzeba mog\u0119 pomieszczenia okazjonalnie wynajmowa\u0107;<\/li>\n<li><strong>podj\u0119te przedsi\u0119wzi\u0119cia organizacyjne i\u00a0inwestycyjne na rzecz planowanej dzia\u0142alno\u015bci<\/strong> &#8211; to pytanie u\u015bwiadomi\u0142o mi jak du\u017co zd\u0105\u017cy\u0142am zrobi\u0107, kupi\u0107, nauczy\u0107 si\u0119, bo np. prowadzi\u0142am stron\u0119, zwiedza\u0142am, chodzi\u0142am na r\u00f3\u017cne kursy, kupowa\u0142am (inwestowa\u0142am) w r\u00f3\u017cne zabawki, mam lokal, telefon, komputer, drukark\u0119, literatur\u0119 fachow\u0105, zbada\u0142am rynek (wiem kto, co i gdzie robi) itd. itp.<\/li>\n<\/ul>\n<p>Kolejne pytania dotyczy\u0142y samej firmy. Na wi\u0119kszo\u015b\u0107 z nich odpowiedzia\u0142am sobie wcze\u015bniej, ale niekt\u00f3re wymaga\u0142y ponownego przemy\u015blenia, albo doprecyzowania. Praca jak\u0105 musia\u0142am wykona\u0107 opisuj\u0105c np. miejsca zaopatrzenia przyda\u0142a mi si\u0119 ju\u017c chwil\u0119 po uzyskaniu \u015brodk\u00f3w. Nie spodziewa\u0142am si\u0119 bowiem, \u017ce tak czasoch\u0142onne b\u0119dzie sprawdzenie u kogo mo\u017cna si\u0119 zaopatrzy\u0107.\u00a0Przyznam si\u0119 te\u017c do pierwszego z pope\u0142nionych b\u0142\u0119d\u00f3w. Uzna\u0142am, \u017ce \u00a0skoro firma prowadzi sklep internetowy i ma wykaz produkt\u00f3w, to \u017ce wszystkie b\u0119d\u0105 dost\u0119pne, ale&#8230; o tym p\u00f3\u017aniej.<\/p>\n<ul>\n<li><strong>Charakterystyka planowanej dzia\u0142alno\u015bci <\/strong>\n<ul>\n<li>opis produktu\/us\u0142ugi,<\/li>\n<li>opis miejsc i \u017ar\u00f3de\u0142 zaopatrzenia \u2013 dostawcy<\/li>\n<li>opis lokalizacji i korzy\u015bci z punktu widzenia rodzaju planowanej dzia\u0142alno\u015bci<\/li>\n<li>opis potencjalnych klient\u00f3w oraz uzasadnienie popytu w danej grupie<\/li>\n<li>planowane dzia\u0142ania marketingowe prowadz\u0105ce do pozyskania klient\u00f3w<\/li>\n<li>perspektywy rozwoju planowanej dzia\u0142alno\u015bci<\/li>\n<\/ul>\n<\/li>\n<li><strong>Uzasadnienie wyboru rodzaju dzia\u0142alno\u015bci gospodarczej<\/strong><\/li>\n<li><strong>Kwalifikacje i umiej\u0119tno\u015bci przydatne do prowadzenia w\u0142asnej firmy<\/strong><\/li>\n<li><strong>Posiadane umowy, listy intencyjne o wsp\u00f3\u0142pracy z dostawcami, odbiorcami, podwykonawcami, zam\u00f3wienia<\/strong><\/li>\n<\/ul>\n<p>Przyznam szczerze, \u017ce gdybym mia\u0142a problemy na odpowiedzi na powy\u017csze pytania, to zastanowi\u0142abym si\u0119, czy faktycznie jestem gotowa do otwarcia firmy, czy to dobry krok.<\/p>\n<p>Kolejna grupa pyta\u0144 dotyczy\u0142a finans\u00f3w:<\/p>\n<ul>\n<li><strong>Kalkulacja koszt\u00f3w, zwi\u0105zanych z podj\u0119ciem dzia\u0142alno\u015bci gospodarczej oraz \u017ar\u00f3d\u0142a ich finansowania <\/strong>&#8211; czyli, czy co\u015b chc\u0119 i mog\u0119 do\u0142o\u017cy\u0107 do siebie (je\u015bli wierz\u0119, \u017ce si\u0119 uda, to dlaczego mia\u0142abym tego nie robi\u0107) oraz ile i na co potrzebuj\u0119; to jasna cz\u0119\u015b\u0107, a trudno\u015bci\u0105 na pewno jest przyci\u0119cie listy \u017cycze\u0144 do tego ile druga strona jest sk\u0142onna zaoferowa\u0107 i co uzna za stosowne. W tym momencie musia\u0142am dobrze przemy\u015ble\u0107 moje potrzeby, bo oczywi\u015bcie narz\u0119dzia, ale czy nie trzeba b\u0119dzie zakupi\u0107 tak\u017ce materia\u0142\u00f3w? A co z reklam\u0105? A jak b\u0119d\u0119 chcia\u0142a co\u015b sprzeda\u0107, to przecie\u017c dojd\u0105 inne koszty (transport, pakowanie) itp. Co z utrzymaniem i modernizacj\u0105 strony?<\/li>\n<li>\u00a0<strong>Szczeg\u00f3\u0142owa specyfikacja wydatk\u00f3w\u00a0 <\/strong>&#8211; przymiarki na oko si\u0119 nie sprawdzaj\u0105, a prawdziwy kosztorys pozwala p\u00f3\u017aniej na rozliczenie si\u0119 z zakup\u00f3w i skraca czas sk\u0142adania zam\u00f3wie\u0144;<\/li>\n<li><strong>zasadno\u015b\u0107 i niezb\u0119dno\u015b\u0107 planowanych zakup\u00f3w <\/strong>&#8211; to pytanie, na kt\u00f3re musimy odpowiedzie\u0107 tak\u017ce sobie je\u015bli inwestujemy nasze w\u0142asne pieni\u0105dze;<\/li>\n<li><strong>forma opodatkowania<\/strong>\u00a0&#8211; istotne, ale tu pomo\u017ce ksi\u0119gowa oraz odpowiedzi na wcze\u015bniejsze pytania, bo wa\u017cne jest jaki rodzaj dzia\u0142alno\u015bci wybierzemy, czy firma b\u0119dzie generowa\u0107 wysokie, czy niskie\u00a0koszty oraz jakich obrot\u00f3w si\u0119 spodziewamy; na szcz\u0119\u015bcie w tym przypadku ka\u017cda rozs\u0105dna ksi\u0119gowa nam podpowie co b\u0119dzie najlepsze, a poza tym mo\u017cemy dokonywa\u0107 zmian;<\/li>\n<li><strong>prognozowane przychody i koszty<\/strong> w rozbiciu na kwarta\u0142y i na pozycje; mo\u017ce wygl\u0105da to strasznie, ale pozwala zmierzy\u0107 si\u0119 z &#8222;ukrytymi kosztami&#8221; (ubezpieczenie, opakowania, transport, ksi\u0119gowo\u015b\u0107 &#8211; z\u0142ot\u00f3wka do z\u0142ot\u00f3wki i zbiera si\u0119 konkretna kwota), poza tym mo\u017cemy policzy\u0107, czy nasz pomys\u0142 ma r\u0119ce i nogi i czy warto inwestowa\u0107 sw\u00f3j czas.<\/li>\n<\/ul>\n<p>Za rok o tej porze spr\u00f3buj\u0119 por\u00f3wna\u0107 prognoz\u0119 z faktycznymi przychodami i kosztami. W ko\u0144cu wybra\u0142am ksi\u0119g\u0119 przychod\u00f3w i rozchod\u00f3w, wi\u0119c nie uda mi si\u0119 o niczym zapomnie\u0107;)<\/p>\n<!-- AddThis Advanced Settings generic via filter on the_content --><!-- AddThis Share Buttons generic via filter on the_content -->","protected":false},"excerpt":{"rendered":"<p>Pozyskanie \u015brodk\u00f3w mo\u017ce by\u0107 proste. Czym pomys\u0142 biznesowy jest lepiej zarysowany tym jest ono tym prostsze. Je\u015bli wiemy co chcemy robi\u0107, na [&hellip;]<!-- AddThis Advanced Settings generic via filter on get_the_excerpt --><!-- AddThis Share Buttons generic via filter on get_the_excerpt --><\/p>\n","protected":false},"author":1,"featured_media":0,"parent":0,"menu_order":0,"comment_status":"closed","ping_status":"closed","template":"","meta":{"ngg_post_thumbnail":0},"aioseo_notices":[],"_links":{"self":[{"href":"https:\/\/wolniodnudy.pl\/index.php\/wp-json\/wp\/v2\/pages\/1090"}],"collection":[{"href":"https:\/\/wolniodnudy.pl\/index.php\/wp-json\/wp\/v2\/pages"}],"about":[{"href":"https:\/\/wolniodnudy.pl\/index.php\/wp-json\/wp\/v2\/types\/page"}],"author":[{"embeddable":true,"href":"https:\/\/wolniodnudy.pl\/index.php\/wp-json\/wp\/v2\/users\/1"}],"replies":[{"embeddable":true,"href":"https:\/\/wolniodnudy.pl\/index.php\/wp-json\/wp\/v2\/comments?post=1090"}],"version-history":[{"count":3,"href":"https:\/\/wolniodnudy.pl\/index.php\/wp-json\/wp\/v2\/pages\/1090\/revisions"}],"predecessor-version":[{"id":1102,"href":"https:\/\/wolniodnudy.pl\/index.php\/wp-json\/wp\/v2\/pages\/1090\/revisions\/1102"}],"wp:attachment":[{"href":"https:\/\/wolniodnudy.pl\/index.php\/wp-json\/wp\/v2\/media?parent=1090"}],"curies":[{"name":"wp","href":"https:\/\/api.w.org\/{rel}","templated":true}]}}